{"id":9,"date":"2023-11-03T18:59:50","date_gmt":"2023-11-03T18:59:50","guid":{"rendered":"https:\/\/h601560.web312.dogado.net\/wp20231103\/?page_id=9"},"modified":"2024-02-29T08:15:42","modified_gmt":"2024-02-29T08:15:42","slug":"kontakt","status":"publish","type":"page","link":"https:\/\/svpfahlheim.de\/?page_id=9","title":{"rendered":"Kontakt"},"content":{"rendered":"\n<hr class=\"wp-block-separator has-text-color has-vivid-red-color has-alpha-channel-opacity has-vivid-red-background-color has-background is-style-wide\"\/>\n\n\n\n<div class=\"wp-block-columns is-layout-flex wp-container-core-columns-is-layout-9d6595d7 wp-block-columns-is-layout-flex\">\n<div class=\"wp-block-column is-layout-flow wp-block-column-is-layout-flow\" style=\"flex-basis:50%\">\n<pre class=\"wp-block-preformatted has-white-background-color has-background\" style=\"font-style:normal;font-weight:100\"><strong>Vorstand<\/strong>\nPhilipp Wettemann\n<strong>vorstand@svpfahlheim.de<\/strong>\n<\/pre>\n<\/div>\n\n\n\n<div class=\"wp-block-column is-layout-flow wp-block-column-is-layout-flow\" style=\"flex-basis:50%\">\n<pre class=\"wp-block-preformatted has-white-background-color has-background\"><strong>Social Media<\/strong>\nLara G\u00e4rtner\n<strong>social-media@svpfahlheim.de<\/strong><\/pre>\n<\/div>\n<\/div>\n\n\n\n<hr class=\"wp-block-separator has-text-color has-vivid-red-color has-alpha-channel-opacity has-vivid-red-background-color has-background is-style-dots\"\/>\n\n\n\n<div class=\"wp-block-columns is-layout-flex wp-container-core-columns-is-layout-9d6595d7 wp-block-columns-is-layout-flex\">\n<div class=\"wp-block-column is-layout-flow wp-block-column-is-layout-flow\" style=\"flex-basis:50%\">\n<pre class=\"wp-block-preformatted has-white-background-color has-background\"><strong>Breitensport<\/strong>\nSilke Ziegler\nKatharina Eichert\n<strong>breitensport@svpfahlheim.de<\/strong><\/pre>\n<\/div>\n\n\n\n<div class=\"wp-block-column is-layout-flow wp-block-column-is-layout-flow\" style=\"flex-basis:60%\">\n<pre class=\"wp-block-preformatted has-white-background-color has-background\"><strong>Fu\u00dfball<\/strong>\nPeter Frosch\n\n<strong>vorstand-fu\u00dfball@svpfahlheim.de<\/strong><\/pre>\n<\/div>\n<\/div>\n\n\n\n<pre class=\"wp-block-preformatted has-white-background-color has-background\"><strong>Tischtennis<\/strong>\nSilke Ziegler\n\n<strong>tischtennis@svpfahlheim.de<\/strong><\/pre>\n","protected":false},"excerpt":{"rendered":"<p>Vorstand Philipp Wettemann vorstand@svpfahlheim.de Social Media Lara G\u00e4rtner social-media@svpfahlheim.de Breitensport Silke Ziegler Katharina Eichert breitensport@svpfahlheim.de Fu\u00dfball Peter Frosch vorstand-fu\u00dfball@svpfahlheim.de Tischtennis Silke Ziegler tischtennis@svpfahlheim.de<\/p>\n","protected":false},"author":1,"featured_media":0,"parent":0,"menu_order":0,"comment_status":"closed","ping_status":"closed","template":"","meta":{"footnotes":""},"class_list":["post-9","page","type-page","status-publish","hentry"],"_links":{"self":[{"href":"https:\/\/svpfahlheim.de\/index.php?rest_route=\/wp\/v2\/pages\/9","targetHints":{"allow":["GET"]}}],"collection":[{"href":"https:\/\/svpfahlheim.de\/index.php?rest_route=\/wp\/v2\/pages"}],"about":[{"href":"https:\/\/svpfahlheim.de\/index.php?rest_route=\/wp\/v2\/types\/page"}],"author":[{"embeddable":true,"href":"https:\/\/svpfahlheim.de\/index.php?rest_route=\/wp\/v2\/users\/1"}],"replies":[{"embeddable":true,"href":"https:\/\/svpfahlheim.de\/index.php?rest_route=%2Fwp%2Fv2%2Fcomments&post=9"}],"version-history":[{"count":8,"href":"https:\/\/svpfahlheim.de\/index.php?rest_route=\/wp\/v2\/pages\/9\/revisions"}],"predecessor-version":[{"id":232,"href":"https:\/\/svpfahlheim.de\/index.php?rest_route=\/wp\/v2\/pages\/9\/revisions\/232"}],"wp:attachment":[{"href":"https:\/\/svpfahlheim.de\/index.php?rest_route=%2Fwp%2Fv2%2Fmedia&parent=9"}],"curies":[{"name":"wp","href":"https:\/\/api.w.org\/{rel}","templated":true}]}}

<hr class="wp-block-separator has-text-color has-vivid-red-color has-alpha-channel-opacity has-vivid-red-background-color has-background is-style-wide"/>



<div class="wp-block-columns is-layout-flex wp-container-core-columns-is-layout-9d6595d7 wp-block-columns-is-layout-flex">
<div class="wp-block-column is-layout-flow wp-block-column-is-layout-flow" style="flex-basis:50%">
<pre class="wp-block-preformatted has-white-background-color has-background" style="font-style:normal;font-weight:100"><strong>Vorstand</strong>
Philipp Wettemann
<strong>vorstand@svpfahlheim.de</strong>
</pre>
</div>



<div class="wp-block-column is-layout-flow wp-block-column-is-layout-flow" style="flex-basis:50%">
<pre class="wp-block-preformatted has-white-background-color has-background"><strong>Social Media</strong>
Lara Gärtner
<strong>social-media@svpfahlheim.de</strong></pre>
</div>
</div>



<hr class="wp-block-separator has-text-color has-vivid-red-color has-alpha-channel-opacity has-vivid-red-background-color has-background is-style-dots"/>



<div class="wp-block-columns is-layout-flex wp-container-core-columns-is-layout-9d6595d7 wp-block-columns-is-layout-flex">
<div class="wp-block-column is-layout-flow wp-block-column-is-layout-flow" style="flex-basis:50%">
<pre class="wp-block-preformatted has-white-background-color has-background"><strong>Breitensport</strong>
Silke Ziegler
Katharina Eichert
<strong>breitensport@svpfahlheim.de</strong></pre>
</div>



<div class="wp-block-column is-layout-flow wp-block-column-is-layout-flow" style="flex-basis:60%">
<pre class="wp-block-preformatted has-white-background-color has-background"><strong>Fußball</strong>
Peter Frosch

<strong>vorstand-fußball@svpfahlheim.de</strong></pre>
</div>
</div>



<pre class="wp-block-preformatted has-white-background-color has-background"><strong>Tischtennis</strong>
Silke Ziegler

<strong>tischtennis@svpfahlheim.de</strong></pre>

<p>Vorstand Philipp Wettemann vorstand@svpfahlheim.de Social Media Lara Gärtner social-media@svpfahlheim.de Breitensport Silke Ziegler Katharina Eichert breitensport@svpfahlheim.de Fußball Peter Frosch vorstand-fußball@svpfahlheim.de Tischtennis Silke Ziegler tischtennis@svpfahlheim.de</p>
