{"id":13,"date":"2023-11-03T19:01:02","date_gmt":"2023-11-03T19:01:02","guid":{"rendered":"https:\/\/h601560.web312.dogado.net\/wp20231103\/?page_id=13"},"modified":"2024-03-16T06:47:03","modified_gmt":"2024-03-16T06:47:03","slug":"breitensport","status":"publish","type":"page","link":"https:\/\/svpfahlheim.de\/?page_id=13","title":{"rendered":"Breitensport"},"content":{"rendered":"\n<p>Im Bereich des Breitensports finden sich zahlreiche Angebote f\u00fcr jedes Alter, um sich regelm\u00e4\u00dfig sportlich zu bet\u00e4tigen und fitzuhalten.<\/p>\n\n\n\n<p>Die einzelnen Gruppen powern sich gemeinsam an verschiedenen Abenden in der Woche aus, die Aktivit\u00e4ten variieren hierbei. Unsere \u00dcbungsleiter bereiten tolle Stunden vor und sorgen f\u00fcr eine gute Stimmung, ein nettes Miteinander und ausreichend Muskelkater. <\/p>\n\n\n\n<p>Jeder ist herzlich Willkommen und kann jederzeit gerne einsteigen und mitmachen.<\/p>\n\n\n\n<hr class=\"wp-block-separator has-text-color has-vivid-red-color has-alpha-channel-opacity has-vivid-red-background-color has-background is-style-wide\"\/>\n\n\n\n<h2 class=\"wp-block-heading has-vivid-red-color has-text-color has-link-color wp-elements-61270c35a9f1c70e6bac2377be381c35\"><strong>Montagsfitness bei Corina Helmle<\/strong><\/h2>\n\n\n\n<p>Das Montagsfitness von Corina Helmle findet immer Montags in der Kastellhalle Pfahlheim (alte Halle) statt. Hier geht es um die allgemeine Fitness. Corina bietet eine Mischung aus functional Training, Intervall Training, Tabata Step Aerobic und Aerobic an. <\/p>\n\n\n\n<p><strong>Ab 16 Jahren<\/strong> darf hier gerne jeder mitmachen, der Lust hat!<\/p>\n\n\n\n<p class=\"has-vivid-red-color has-text-color has-link-color wp-elements-a146043920580eb08f82920055de78cf\"><strong>Trainingszeiten<\/strong>:<\/p>\n\n\n\n<div class=\"wp-block-columns is-layout-flex wp-container-core-columns-is-layout-9d6595d7 wp-block-columns-is-layout-flex\">\n<div class=\"wp-block-column is-layout-flow wp-block-column-is-layout-flow\">\n<p>Montags<\/p>\n<\/div>\n\n\n\n<div class=\"wp-block-column is-layout-flow wp-block-column-is-layout-flow\">\n<p>18:30 &#8211; 19:30 Uhr<\/p>\n<\/div>\n<\/div>\n\n\n\n<hr class=\"wp-block-separator has-text-color has-vivid-red-color has-alpha-channel-opacity has-vivid-red-background-color has-background is-style-wide\"\/>\n\n\n\n<h2 class=\"wp-block-heading has-vivid-red-color has-text-color has-link-color wp-elements-07efaabbb9ac6bb80b3b97176dbece13\"><strong>Dienstagsturnen bei Susanne Trunz<\/strong><\/h2>\n\n\n\n<p>Das Dienstagsturnen von Susanne Trunz findet immer Dienstags in der Kastellhalle Pfahlheim (neue Halle) statt. Im Fokus stehen die allgemeine Fitness aber auch generelle Gymastik\u00fcbungen sind fester Bestandteil der w\u00f6chentlichen Trainingseinheiten. <\/p>\n\n\n\n<p><strong>Ab 60 Jahren<\/strong> darf hier gerne jeder mitmachen, der Lust hat! <\/p>\n\n\n\n<p class=\"has-vivid-red-color has-text-color has-link-color wp-elements-a146043920580eb08f82920055de78cf\"><strong>Trainingszeiten<\/strong>:<\/p>\n\n\n\n<div class=\"wp-block-columns is-layout-flex wp-container-core-columns-is-layout-9d6595d7 wp-block-columns-is-layout-flex\">\n<div class=\"wp-block-column is-layout-flow wp-block-column-is-layout-flow\">\n<p>Dienstags<\/p>\n<\/div>\n\n\n\n<div class=\"wp-block-column is-layout-flow wp-block-column-is-layout-flow\">\n<p>19:30 &#8211; 20:30 Uhr<\/p>\n<\/div>\n<\/div>\n\n\n\n<hr class=\"wp-block-separator has-text-color has-vivid-red-color has-alpha-channel-opacity has-vivid-red-background-color has-background is-style-wide\"\/>\n\n\n\n<h2 class=\"wp-block-heading has-vivid-red-color has-text-color has-link-color wp-elements-960366c08bf75bdb27cdabfadaee685e\"><strong>Mittwochsfitness bei Gaby Stengel im Kurssystem<\/strong><\/h2>\n\n\n\n<p>Das Mittwochsfitness von Gaby Stengel findet immer Mittwochs in der Kastellhalle Pfahlheim (neue Halle) statt. Anders als die anderen Fitnessangebote handelt es sich hierbei um ein Kurssystem. <\/p>\n\n\n\n<p class=\"has-vivid-red-color has-text-color has-link-color wp-elements-a146043920580eb08f82920055de78cf\"><strong>Trainingszeiten<\/strong>:<\/p>\n\n\n\n<div class=\"wp-block-columns is-layout-flex wp-container-core-columns-is-layout-9d6595d7 wp-block-columns-is-layout-flex\">\n<div class=\"wp-block-column is-layout-flow wp-block-column-is-layout-flow\">\n<p>Mittwochs<\/p>\n<\/div>\n\n\n\n<div class=\"wp-block-column is-layout-flow wp-block-column-is-layout-flow\">\n<p>19:30 &#8211; 20:30 Uhr<\/p>\n<\/div>\n<\/div>\n\n\n\n<hr class=\"wp-block-separator has-text-color has-vivid-red-color has-alpha-channel-opacity has-vivid-red-background-color has-background is-style-wide\"\/>\n\n\n\n<h2 class=\"wp-block-heading has-vivid-red-color has-text-color has-link-color wp-elements-f87f4545915cb30b7096aab2b70dc9f9\"><strong>Jedermannsport bei Ulrich Freihart<\/strong> <\/h2>\n\n\n\n<p>Der Jedermannsport unter der Leitung von Ulrich Freihart findet immer Montags in der Kastellhalle Pfahlheim (neue Halle) statt. Wenn du Lust auf die unterschiedlichsten Sportarten und Aktivit\u00e4ten wie z.B. Wandern, Radfahren, Volleyball oder Gymnastik hast, dann bist du hier genau richtig! Es wird ganzj\u00e4hrig trainiert, sowohl an der frischen Luft, als auch in der Halle. <\/p>\n\n\n\n<p class=\"has-vivid-red-color has-text-color has-link-color wp-elements-a146043920580eb08f82920055de78cf\"><strong>Trainingszeiten<\/strong>:<\/p>\n\n\n\n<div class=\"wp-block-columns is-layout-flex wp-container-core-columns-is-layout-9d6595d7 wp-block-columns-is-layout-flex\">\n<div class=\"wp-block-column is-layout-flow wp-block-column-is-layout-flow\">\n<p>Montags<\/p>\n<\/div>\n\n\n\n<div class=\"wp-block-column is-layout-flow wp-block-column-is-layout-flow\">\n<p>19:30 &#8211; 21:00 Uhr<\/p>\n<\/div>\n<\/div>\n\n\n\n<hr class=\"wp-block-separator has-text-color has-vivid-red-color has-alpha-channel-opacity has-vivid-red-background-color has-background is-style-wide\"\/>\n\n\n\n<h2 class=\"wp-block-heading has-vivid-red-color has-text-color has-link-color wp-elements-0c747ee5aa974f20b4012e88c1d55f5b\"><strong>Garde<\/strong><\/h2>\n\n\n\n<p>Zum Sportverein Pfahlheim z\u00e4hlen aktuell f\u00fcnf Gardegruppen, welche das Alter von 6 bis 20 Jahren umfassen. <\/p>\n\n\n\n<p>Der Fasching steht bei den M\u00e4dels und ihren Trainerinnen an erster Stelle. Sie trainieren das Jahr \u00fcber ihren Tanz, um diesen dann bei Gardetreffen, dem B\u00fcrgerball oder \u00e4hnlichen Veranstaltungen aufzuf\u00fchren. \u00dcber die Faschingszeit hinweg, sind die Gardem\u00e4dels an den Wochenenden an vielen Umz\u00fcgen dabei. Ebenso wichtig, ist auch die gesellige Zeit, welche in den einzelnen Gruppen durch Weihnachtsfeiern, gemeinsame Abende oder \u00e4hnliches gestaltet wird. F\u00fcr die Gardegruppen besteht eine Kooperation mit den Pfahlheimer Limesnarren e. V. <\/p>\n\n\n\n<div class=\"wp-block-buttons is-content-justification-center is-layout-flex wp-container-core-buttons-is-layout-16018d1d wp-block-buttons-is-layout-flex\">\n<div class=\"wp-block-button has-custom-width wp-block-button__width-100\"><a class=\"wp-block-button__link has-background wp-element-button\" href=\"https:\/\/www.limesnarren.de\/wordpress\/\" style=\"background-color:#cf2d2d4d\" target=\"_blank\" rel=\"noreferrer noopener\">zur Website der pfahlheimer Limesnarren <\/a><\/div>\n<\/div>\n\n\n\n<p><\/p>\n\n\n\n<hr class=\"wp-block-separator has-text-color has-vivid-red-color has-alpha-channel-opacity has-vivid-red-background-color has-background is-style-wide\"\/>\n\n\n\n<h2 class=\"wp-block-heading has-vivid-red-color has-text-color has-link-color wp-elements-a3f0d6cc627cf713405f69b7f14fff45\"><strong>Ansprechpartner Breitensport:<\/strong><\/h2>\n\n\n\n<pre class=\"wp-block-preformatted has-white-background-color has-background\">Katharina Eichert und Silke Ziegler\n<strong>breitensport@svpfahlheim.de<\/strong><\/pre>\n\n\n\n<div class=\"wp-block-file\"><a id=\"wp-block-file--media-7aeeec48-a8ef-4a0c-859c-7586a5884483\" href=\"https:\/\/svpfahlheim.de\/wp-content\/uploads\/2024\/03\/Hallenbelegungsplan_SVP.pdf\">Hallenbelegungsplan_SVP<\/a><\/div>\n","protected":false},"excerpt":{"rendered":"<p>Im Bereich des Breitensports finden sich zahlreiche Angebote f\u00fcr jedes Alter, um sich regelm\u00e4\u00dfig sportlich zu bet\u00e4tigen und fitzuhalten. Die einzelnen Gruppen powern sich gemeinsam an verschiedenen Abenden in der Woche aus, die Aktivit\u00e4ten variieren hierbei. Unsere \u00dcbungsleiter bereiten tolle Stunden vor und sorgen f\u00fcr eine gute Stimmung, ein nettes Miteinander und ausreichend Muskelkater. Jeder &hellip; <\/p>\n<p class=\"link-more\"><a href=\"https:\/\/svpfahlheim.de\/?page_id=13\" class=\"more-link\"><span class=\"screen-reader-text\">\u201eBreitensport\u201c<\/span> weiterlesen<\/a><\/p>\n","protected":false},"author":1,"featured_media":0,"parent":0,"menu_order":0,"comment_status":"closed","ping_status":"closed","template":"","meta":{"footnotes":""},"class_list":["post-13","page","type-page","status-publish","hentry"],"_links":{"self":[{"href":"https:\/\/svpfahlheim.de\/index.php?rest_route=\/wp\/v2\/pages\/13","targetHints":{"allow":["GET"]}}],"collection":[{"href":"https:\/\/svpfahlheim.de\/index.php?rest_route=\/wp\/v2\/pages"}],"about":[{"href":"https:\/\/svpfahlheim.de\/index.php?rest_route=\/wp\/v2\/types\/page"}],"author":[{"embeddable":true,"href":"https:\/\/svpfahlheim.de\/index.php?rest_route=\/wp\/v2\/users\/1"}],"replies":[{"embeddable":true,"href":"https:\/\/svpfahlheim.de\/index.php?rest_route=%2Fwp%2Fv2%2Fcomments&post=13"}],"version-history":[{"count":17,"href":"https:\/\/svpfahlheim.de\/index.php?rest_route=\/wp\/v2\/pages\/13\/revisions"}],"predecessor-version":[{"id":243,"href":"https:\/\/svpfahlheim.de\/index.php?rest_route=\/wp\/v2\/pages\/13\/revisions\/243"}],"wp:attachment":[{"href":"https:\/\/svpfahlheim.de\/index.php?rest_route=%2Fwp%2Fv2%2Fmedia&parent=13"}],"curies":[{"name":"wp","href":"https:\/\/api.w.org\/{rel}","templated":true}]}}

<p>Im Bereich des Breitensports finden sich zahlreiche Angebote für jedes Alter, um sich regelmäßig sportlich zu betätigen und fitzuhalten.</p>



<p>Die einzelnen Gruppen powern sich gemeinsam an verschiedenen Abenden in der Woche aus, die Aktivitäten variieren hierbei. Unsere Übungsleiter bereiten tolle Stunden vor und sorgen für eine gute Stimmung, ein nettes Miteinander und ausreichend Muskelkater. </p>



<p>Jeder ist herzlich Willkommen und kann jederzeit gerne einsteigen und mitmachen.</p>



<hr class="wp-block-separator has-text-color has-vivid-red-color has-alpha-channel-opacity has-vivid-red-background-color has-background is-style-wide"/>



<h2 class="wp-block-heading has-vivid-red-color has-text-color has-link-color wp-elements-61270c35a9f1c70e6bac2377be381c35"><strong>Montagsfitness bei Corina Helmle</strong></h2>



<p>Das Montagsfitness von Corina Helmle findet immer Montags in der Kastellhalle Pfahlheim (alte Halle) statt. Hier geht es um die allgemeine Fitness. Corina bietet eine Mischung aus functional Training, Intervall Training, Tabata Step Aerobic und Aerobic an. </p>



<p><strong>Ab 16 Jahren</strong> darf hier gerne jeder mitmachen, der Lust hat!</p>



<p class="has-vivid-red-color has-text-color has-link-color wp-elements-a146043920580eb08f82920055de78cf"><strong>Trainingszeiten</strong>:</p>



<div class="wp-block-columns is-layout-flex wp-container-core-columns-is-layout-9d6595d7 wp-block-columns-is-layout-flex">
<div class="wp-block-column is-layout-flow wp-block-column-is-layout-flow">
<p>Montags</p>
</div>



<div class="wp-block-column is-layout-flow wp-block-column-is-layout-flow">
<p>18:30 &#8211; 19:30 Uhr</p>
</div>
</div>



<hr class="wp-block-separator has-text-color has-vivid-red-color has-alpha-channel-opacity has-vivid-red-background-color has-background is-style-wide"/>



<h2 class="wp-block-heading has-vivid-red-color has-text-color has-link-color wp-elements-07efaabbb9ac6bb80b3b97176dbece13"><strong>Dienstagsturnen bei Susanne Trunz</strong></h2>



<p>Das Dienstagsturnen von Susanne Trunz findet immer Dienstags in der Kastellhalle Pfahlheim (neue Halle) statt. Im Fokus stehen die allgemeine Fitness aber auch generelle Gymastikübungen sind fester Bestandteil der wöchentlichen Trainingseinheiten. </p>



<p><strong>Ab 60 Jahren</strong> darf hier gerne jeder mitmachen, der Lust hat! </p>



<p class="has-vivid-red-color has-text-color has-link-color wp-elements-a146043920580eb08f82920055de78cf"><strong>Trainingszeiten</strong>:</p>



<div class="wp-block-columns is-layout-flex wp-container-core-columns-is-layout-9d6595d7 wp-block-columns-is-layout-flex">
<div class="wp-block-column is-layout-flow wp-block-column-is-layout-flow">
<p>Dienstags</p>
</div>



<div class="wp-block-column is-layout-flow wp-block-column-is-layout-flow">
<p>19:30 &#8211; 20:30 Uhr</p>
</div>
</div>



<hr class="wp-block-separator has-text-color has-vivid-red-color has-alpha-channel-opacity has-vivid-red-background-color has-background is-style-wide"/>



<h2 class="wp-block-heading has-vivid-red-color has-text-color has-link-color wp-elements-960366c08bf75bdb27cdabfadaee685e"><strong>Mittwochsfitness bei Gaby Stengel im Kurssystem</strong></h2>



<p>Das Mittwochsfitness von Gaby Stengel findet immer Mittwochs in der Kastellhalle Pfahlheim (neue Halle) statt. Anders als die anderen Fitnessangebote handelt es sich hierbei um ein Kurssystem. </p>



<p class="has-vivid-red-color has-text-color has-link-color wp-elements-a146043920580eb08f82920055de78cf"><strong>Trainingszeiten</strong>:</p>



<div class="wp-block-columns is-layout-flex wp-container-core-columns-is-layout-9d6595d7 wp-block-columns-is-layout-flex">
<div class="wp-block-column is-layout-flow wp-block-column-is-layout-flow">
<p>Mittwochs</p>
</div>



<div class="wp-block-column is-layout-flow wp-block-column-is-layout-flow">
<p>19:30 &#8211; 20:30 Uhr</p>
</div>
</div>



<hr class="wp-block-separator has-text-color has-vivid-red-color has-alpha-channel-opacity has-vivid-red-background-color has-background is-style-wide"/>



<h2 class="wp-block-heading has-vivid-red-color has-text-color has-link-color wp-elements-f87f4545915cb30b7096aab2b70dc9f9"><strong>Jedermannsport bei Ulrich Freihart</strong> </h2>



<p>Der Jedermannsport unter der Leitung von Ulrich Freihart findet immer Montags in der Kastellhalle Pfahlheim (neue Halle) statt. Wenn du Lust auf die unterschiedlichsten Sportarten und Aktivitäten wie z.B. Wandern, Radfahren, Volleyball oder Gymnastik hast, dann bist du hier genau richtig! Es wird ganzjährig trainiert, sowohl an der frischen Luft, als auch in der Halle. </p>



<p class="has-vivid-red-color has-text-color has-link-color wp-elements-a146043920580eb08f82920055de78cf"><strong>Trainingszeiten</strong>:</p>



<div class="wp-block-columns is-layout-flex wp-container-core-columns-is-layout-9d6595d7 wp-block-columns-is-layout-flex">
<div class="wp-block-column is-layout-flow wp-block-column-is-layout-flow">
<p>Montags</p>
</div>



<div class="wp-block-column is-layout-flow wp-block-column-is-layout-flow">
<p>19:30 &#8211; 21:00 Uhr</p>
</div>
</div>



<hr class="wp-block-separator has-text-color has-vivid-red-color has-alpha-channel-opacity has-vivid-red-background-color has-background is-style-wide"/>



<h2 class="wp-block-heading has-vivid-red-color has-text-color has-link-color wp-elements-0c747ee5aa974f20b4012e88c1d55f5b"><strong>Garde</strong></h2>



<p>Zum Sportverein Pfahlheim zählen aktuell fünf Gardegruppen, welche das Alter von 6 bis 20 Jahren umfassen. </p>



<p>Der Fasching steht bei den Mädels und ihren Trainerinnen an erster Stelle. Sie trainieren das Jahr über ihren Tanz, um diesen dann bei Gardetreffen, dem Bürgerball oder ähnlichen Veranstaltungen aufzuführen. Über die Faschingszeit hinweg, sind die Gardemädels an den Wochenenden an vielen Umzügen dabei. Ebenso wichtig, ist auch die gesellige Zeit, welche in den einzelnen Gruppen durch Weihnachtsfeiern, gemeinsame Abende oder ähnliches gestaltet wird. Für die Gardegruppen besteht eine Kooperation mit den Pfahlheimer Limesnarren e. V. </p>



<div class="wp-block-buttons is-content-justification-center is-layout-flex wp-container-core-buttons-is-layout-16018d1d wp-block-buttons-is-layout-flex">
<div class="wp-block-button has-custom-width wp-block-button__width-100"><a class="wp-block-button__link has-background wp-element-button" href="https://www.limesnarren.de/wordpress/" style="background-color:#cf2d2d4d" target="_blank" rel="noreferrer noopener">zur Website der pfahlheimer Limesnarren </a></div>
</div>



<p></p>



<hr class="wp-block-separator has-text-color has-vivid-red-color has-alpha-channel-opacity has-vivid-red-background-color has-background is-style-wide"/>



<h2 class="wp-block-heading has-vivid-red-color has-text-color has-link-color wp-elements-a3f0d6cc627cf713405f69b7f14fff45"><strong>Ansprechpartner Breitensport:</strong></h2>



<pre class="wp-block-preformatted has-white-background-color has-background">Katharina Eichert und Silke Ziegler
<strong>breitensport@svpfahlheim.de</strong></pre>



<div class="wp-block-file"><a id="wp-block-file--media-7aeeec48-a8ef-4a0c-859c-7586a5884483" href="https://svpfahlheim.de/wp-content/uploads/2024/03/Hallenbelegungsplan_SVP.pdf">Hallenbelegungsplan_SVP</a></div>

<p>Im Bereich des Breitensports finden sich zahlreiche Angebote für jedes Alter, um sich regelmäßig sportlich zu betätigen und fitzuhalten. Die einzelnen Gruppen powern sich gemeinsam an verschiedenen Abenden in der Woche aus, die Aktivitäten variieren hierbei. Unsere Übungsleiter bereiten tolle Stunden vor und sorgen für eine gute Stimmung, ein nettes Miteinander und ausreichend Muskelkater. Jeder &hellip; </p>
<p class="link-more"><a href="https://svpfahlheim.de/?page_id=13" class="more-link"><span class="screen-reader-text">„Breitensport“</span> weiterlesen</a></p>
